d by 24?
16
What is the remainder when 4667 is divided by 246?
239
Calculate the remainder when 51 is divided by 7.
2
What is the remainder when 204 is divided by 105?
99
Calculate the remainder when 284 is divided by 222.
62
What is the remainder when 355 is divided by 4?
3
What is the remainder when 3358 is divided by 4?
2
Calculate the remainder when 2843 is divided by 79.
78
Calculate the remainder when 1572 is divided by 513.
33
What is the remainder when 3291 is divided by 9?
6
What is the remainder when 74 is divided by 26?
22
What is the remainder when 170 is divided by 25?
20
Calculate the remainder when 99 is divided by 90.
9
Calculate the remainder when 184 is divided by 114.
70
Calculate the remainder when 106 is divided by 39.
28
What is the remainder when 272 is divided by 27?
2
What is the remainder when 410 is divided by 49?
18
What is the remainder when 28597 is divided by 25?
22
Calculate the remainder when 2835 is divided by 1417.
1
What is the remainder when 31 is divided by 27?
4
Calculate the remainder when 193 is divided by 179.
14
Calculate the remainder when 7418 is divided by 106.
104
What is the remainder when 156 is divided by 10?
6
What is the remainder when 1481 is divided by 28?
25
Calculate the remainder when 916 is divided by 2.
0
Calculate the remainder when 523 is divided by 44.
39
Calculate the remainder when 189 is divided by 5.
4
Calculate the remainder when 78 is divided by 10.
8
What is the remainder when 13 is divided by 12?
1
What is the remainder when 130 is divided by 59?
12
Calculate the remainder when 162 is divided by 19.
10
Calculate the remainder when 303 is divided by 18.
15
Calculate the remainder when 120 is divided by 14.
8
What is the remainder when 380 is divided by 358?
22
What is the remainder when 7608 is divided by 1902?
0
What is the remainder when 147 is divided by 30?
27
What is the remainder when 391 is divided by 18?
13
Calculate the remainder when 167 is divided by 40.
7
What is the remainder when 4269 is divided by 223?
32
What is the remainder when 56 is divided by 34?
22
What is the remainder when 25913 is divided by 163?
159
Calculate the remainder when 1251 is divided by 17.
10
Calculate the remainder when 3171 is divided by 138.
135
What is the remainder when 578 is divided by 306?
272
What is the remainder when 318 is divided by 64?
62
What is the remainder when 605 is divided by 150?
5
Calculate the remainder when 315 is divided by 92.
39
Calculate the remainder when 3296 is divided by 55.
51
Calculate the remainder when 427 is divided by 287.
140
Calculate the remainder when 231 is divided by 58.
57
What is the remainder when 25935 is divided by 262?
259
What is the remainder when 409 is divided by 32?
25
What is the remainder when 2175 is divided by 59?
51
Calculate the remainder when 4409 is divided by 15.
14
Calculate the remainder when 295 is divided by 30.
25
Calculate the remainder when 525 is divided by 16.
13
What is the remainder when 6896 is divided by 121?
120
What is the remainder when 9319 is divided by 106?
97
Calculate the remainder when 254 is divided by 55.
34
Calculate the remainder when 841 is divided by 45.
31
Calculate the remainder when 95 is divided by 30.
5
Calculate the remainder when 1220 is divided by 40.
20
What is the remainder when 375 is divided by 117?
24
What is the remainder when 357 is divided by 18?
15
What is the remainder when 64 is divided by 42?
22
What is the remainder when 4947 is divided by 18?
15
What is the remainder when 171 is divided by 29?
26
Calculate the remainder when 2836 is divided by 237.
229
Calculate the remainder when 67 is divided by 31.
5
Calculate the remainder when 451 is divided by 65.
61
Calculate the remainder when 307 is divided by 278.
29
Calculate the remainder when 533 is divided by 89.
88
Calculate the remainder when 1388 is divided by 24.
20
What is the remainder when 482 is divided by 69?
68
Calculate the remainder when 8174 is divided by 4085.
4
What is the remainder when 424 is divided by 17?
16
Calculate the remainder when 469 is divided by 19.
13
Calculate the remainder when 597 is divided by 46.
45
Calculate the remainder when 29 is divided by 22.
7
Calculate the remainder when 96 is divided by 7.
5
What is the remainder when 821 is divided by 50?
21
Calculate the remainder when 6151 is divided by 39.
28
Calculate the remainder when 1633 is divided by 82.
75
Calculate the remainder when 296 is divided by 50.
46
Calculate the remainder when 891 is divided by 827.
64
Calculate the remainder when 8942 is divided by 16.
14
Calculate the remainder when 97 is divided by 84.
13
Calculate the remainder when 632 is divided by 23.
11
Calculate the remainder when 25869 is divided by 88.
85
Calculate the remainder when 380 is divided by 64.
60
Calculate the remainder when 4449 is divided by 178.
177
Calculate the remainder when 7244 is divided by 115.
114
What is the remainder when 61449 is divided by 25?
24
What is the remainder when 138 is divided by 5?
3
What is the remainder when 449 is divided by 9?
8
Calculate the remainder when 176 is divided by 46.
38
Calculate the remainder when 632 is divided by 12.
8
Calculate the remainder when 307 is divided by 10.
7
What is the remainder when 421 is divided by 72?
61
Calculate the remainder when 4137 is divided by 24.
9
Calculate the remainder when 193 is divided by 39.
37
What is the remainder when 3831 is divided by 274?
269
Calculate the remainder when 259 is divided by 33.
28
What is the remainder when 5589 is divided by 8?
5
What is the remainder when 3223 is divided by 52?
51
Calculate the remainder when 134 is divided by 40.
14
Calculate the remainder when 184 is divided by 37.
36
Calculate the remainder when 51 is divided by 25.
1
Calculate the remainder when 92 is divided by 62.
30
Calculate the remainder when 126 is divided by 21.
0
Calculate the remainder when 1050 is divided by 13.
10
Calculate the remainder when 106 is divided by 19.
11
What is the remainder when 3059 is divided by 85?
84
Calculate the remainder when 609 is divided by 204.
201
Calculate the remainder when 293 is divided by 14.
13
What is the remainder when 2287 is divided by 52?
51
Calculate the remainder when 1246 is divided by 29.
28
Calculate the remainder when 681 is divided by 7.
2
What is the remainder when 2620 is divided by 327?
4
Calculate the remainder when 212 is divided by 22.
14
What is the remainder when 132 is divided by 48?
36
What is the remainder when 3032 is divided by 41?
39
What is the remainder when 750 is divided by 171?
66
What is the remainder when 451 is divided by 2?
1
Calculate the remainder when 4327 is divided by 289.
281
Calculate the remainder when 436 is divided by 28.
16
Calculate the remainder when 817 is divided by 63.
61
What is the remainder when 468 is divided by 43?
38
Calculate the remainder when 696 is divided by 242.
212
What is the remainder when 16 is divided by 10?
6
Calculate the remainder when 821 is divided by 44.
29
What is the remainder when 552 is divided by 78?
6
What is the remainder when 10825 is divided by 91?
87
Calculate the remainder when 188 is divided by 104.
84
What is the remainder when 171 is divided by 30?
21
Calculate the remainder when 122 is divided by 118.
4
Calculate the remainder when 2111 is divided by 16.
15
What is the remainder when 139 is divided by 35?
34
What is the remainder when 518 is divided by 40?
38
Calculate the remainder when 1749 is divided by 24.
21
Calculate the remainder when 186 is divided by 30.
6
What is the remainder when 468 is divided by 128?
84
What is the remainder when 190 is divided by 45?
10
Calculate the remainder when 1721 is divided by 133.
125
What is the remainder when 289 is divided by 76?
61
Calculate the remainder when 236 is divided by 10.
6
What is the remainder when 48 is divided by 10?
8
What is the remainder when 133 is divided by 9?
7
What is the remainder when 76 is divided by 9?
4
What is the remainder when 1919 is divided by 20?
19
Calculate the remainder when 158 is divided by 59.
40
Calculate the remainder when 3154 is divided by 39.
34
What is the remainder when 23 is divided by 5?
3
Calculate the remainder when 1483 is divided by 124.
119
What is the remai